4189983, 2*y = 3*u - 4189983. Is u composite?
True
Is -2 - (-5 - 3) - (-180303 - -2) prime?
True
Suppose 3*z - 2*r - 10718 - 384 = 0, 7413 = 2*z + r. Suppose s - 1845 = y, -2*s = -0*s + 5*y - z. Is s composite?
False
Suppose b - 3*d - d = 3357, 0 = -b + 2*d + 3355. Let r = b - 907. Is r prime?
False
Let x = 45633 - 8854. Is x prime?
True
Suppose -3*j - 87 = -x - 4*j, x - 90 = -2*j. Suppose -5*g = 5*i - 4*i + 2, 0 = i + 3*g. Is 2/i - (-7)/(x/3580) prime?
False
Let n(d) = -d**3 - 8*d - 44. Let w be n(-4). Suppose -w*z = 11*z - 686511. Is z composite?
True
Let g(u) = 2*u**2 + 5*u. Let v be g(4). Let d = 516 + -500. Suppose -v = -2*k + d. Is k composite?
True
Let b(y) = 18*y + 60. Let f be b(11). Is 4/(-16)*-2 + f/12 prime?
False
Let u(z) = 709*z**2 + 15*z + 5. Let g(i) = -1418*i**2 - 29*i - 10. Let m(l) = -4*g(l) - 7*u(l). Is m(-3) a composite number?
False
Let u(g) = -g**2 - 2*g + 20. Let v be u(-5). Suppose -899 = -2*o - o + f, -1465 = -v*o - 5*f. Is o a prime number?
False
Suppose -128 = -16*b + 32. Let h = 11 - 0. Suppose -b*d = -h*d + 1277. Is d prime?
True
Suppose 3*j - p = 5*j - 7, -18 = 2*j - 4*p. Let i(l) = 2955*l**2 + 2*l. Is i(j) composite?
False
Let r(x) = x**3 - 12*x**2 - 14*x + 15. Let w be r(13). Suppose w*a - 6*a + 3752 = 0. Suppose 0 = -2*z + 332 + a. Is z a composite number?
True
Let g = 77 + -91. Is ((-56)/g)/(8/1486) composite?
False
Is (-1357174)/(-30) + (-82)/615 a composite number?
True
Let w = -225 + -966. Let v = w + 2184. Is v a prime number?
False
Is (10*(-12)/(-15) - -155453) + -6 a prime number?
False
Suppose -5*u + 3*b = -492439, -5*u + 2*u + 295459 = -4*b. Is u composite?
True
Suppose 18*d - 15*d + 3 = 0, -3*d - 34787 = -2*k. Suppose -3*c + k = 1009. Is c a composite number?
True
Let r = 327453 - 186566. Is r prime?
False
Let j = -12365 - -26828. Suppose 10*g - j = 10067. Is g prime?
False
Suppose 19*i - 25*i = -96. Suppose 8057 = -i*d + 23*d. Is d a composite number?
False
Let r be (-1 + -3)*(-2 - 0). Let o(j) = r*j + 35*j**2 + 11 - 6*j + 7*j. Is o(-6) a composite number?
False
Suppose 17*m - 3415571 + 1267360 = 4*m. Is m a prime number?
True
Let l = 81243 - 55094. Is l prime?
False
Let o(f) = -7*f**2 + 231*f + 52. Let a(w) = -3*w**2 + 77*w + 17. Let d(m) = -7*a(m) + 2*o(m). Is d(53) a prime number?
False
Let c(h) = 376*h**3 - h**2 + 122*h - 1174. Is c(9) prime?
False
Suppose 4 = 3*f - 5. Suppose -j - f*q = -8, -5*q + 18 = j + 3*j. Suppose j*s + 0*o - 653 = -o, -4*o = s - 330. Is s prime?
False
Suppose -66954 = 13*s + 3727. Let v = s + 10298. Is v a prime number?
True
Suppose -3*k = 3*x - 180, 3*x + 16*k - 14*k = 183. Suppose f - 173 = -5*l, -5*l - 14 - 189 = -f. Let u = x + f. Is u composite?
False
Suppose 5*m - 1663457 = -7*y, -5*y + 3*m + 1188235 = -2*m. Is y composite?
True
Let h = 11372 + 13384. Let i be h/(-48)*(-4)/1. Let l = -1176 + i. Is l composite?
False
Is ((-16)/32)/(1/(-328178)) composite?
False
Let s = 6139 - 9492. Let v = -618 - s. Is v a composite number?
True
Let v(u) = u**2 + 3*u**2 - u - u + 208*u**3 + 5. Let l(r) = -r**2 + r - 1. Let d(a) = -4*l(a) - v(a). Is d(-1) a composite number?
True
Let p(w) = 4*w**2 + 16*w + 61. Let f(v) = -3*v**2 - 15*v - 60. Let a(r) = 6*f(r) + 5*p(r). Is a(18) composite?
True
Let x = 101 + -97. Suppose -n + 1 = -x*p, -3*n - 3 = -4*p - 6. Is 325 + n + -9 + 14 a composite number?
False
Let m(i) = -1196*i - 2069. Is m(-17) a prime number?
False
Let b be 9*2/3 + -4. Suppose 4*p - 4*h = b*p + 352, -3*p + 4*h = -534. Suppose p = s - 737. Is s a composite number?
False
Let s(m) = -95*m**2 + m - 6. Let b be 8/(-2) + -18 + 18. Let a be s(b). Let f = -889 - a. Is f prime?
True
Suppose -7 = -5*r + 8. Let g be (-2)/(-7) + 2/(-7). Suppose 7*z - r*z - 1420 = g. Is z prime?
False
Let m be 2/(-4)*-2*-1. Let x(r) be the third derivative of -37*r**4/6 - r**3/2 + 463*r**2. Is x(m) prime?
False
Is (57470/245)/((-8)/(-28)) a prime number?
True
Let u(m) = -7422*m - 475. Is u(-18) composite?
False
Let g(j) = -2*j + 13. Let q be g(-6). Suppose 12610 = q*z - 20*z. Suppose 2*n = -2*l + z, -3*l + 3*n = 4*n - 3779. Is l a prime number?
True
Let n(l) = -2*l + 9. Suppose 3*q - 1 = 4*y - 8, -2*y = -8. Let t be n(q). Let b(s) = 27*s**2 + s + 5. Is b(t) a composite number?
False
Let m = -245 + 251. Is ((-3)/2*-1759)/(m/4) a composite number?
False
Let g be 10/(-35) + 372/(-21). Let k(j) be the first derivative of -43*j**2/2 - 29*j + 4. Is k(g) composite?
True
Let g = -11 + -5. Let z(k) = -k**2 - 19*k - 46. Let w be z(g). Suppose 0*v + w*v = 1706. Is v a prime number?
True
Suppose 4*l = 1 + 3. Let v be -3 - (2/2)/(l + -2). Is (1 - v)/(((-12)/2164)/(-3)) composite?
True
Let w(q) = q**3 + 7*q**2 - 9*q - 5. Let h be w(-8). Suppose 4*a - a + 2*n = 1197, a - h*n = 388. Is a a prime number?
True
Suppose -2*t - 14 + 2 = 2*n, 0 = n - 5*t. Is 1*n + 2 + -4 + 6152 prime?
False
Let z = 8818 - 5492. Is z composite?
True
Is (-1 - -3) + ((-2695)/2)/5*-330 a prime number?
True
Suppose 7*x + 1149 = 2892. Suppose -790 - x = -i. Is i a prime number?
True
Let w be (-5 + 2)/(-3 + (-72)/(-30)). Suppose t + w*t = 16710. Is t a prime number?
False
Let t(s) = s**2 - s. Let l be t(-1). Let u(m) = -33*m**l - 4*m**3 + m - 40*m**2 - 5 + 71*m**2. Is u(-6) a prime number?
False
Let j(g) = 3*g**2 + 121*g - 513. Is j(119) prime?
True
Is (956322/63)/((-80)/14 - (13 + -19)) a composite number?
False
Suppose 0 = 2*m + 2*k - 16, -3*m - 3*k - 2*k = -20. Let s(a) = a - 6. Let h be s(m). Let y(l) = 13*l**2 - 5. Is y(h) prime?
False
Is 5280/9 + (-2)/(-6) prime?
True
Let u(g) = -2*g**3 + 19*g**2 + 113*g - 47. Let i be u(21). Is i/(6/(-14 + 8)) prime?
True
Let g = 44 - 29. Suppose -7*d + 2*d = -g. Suppose 5*q - d*k = 2776, -3*k + 7 + 2 = 0. Is q prime?
True
Let d(m) = 11*m + 16. Let n be d(-1). Suppose 0 = n*k - 4702 - 8193. Is k composite?
False
Is (195658/(-5))/(106/(-1855)) a composite number?
True
Suppose v - 30 = -4*v + 4*y, 3*v + 2*y + 4 = 0. Let k(x) = 12*x**v + 12*x + 3*x**2 + 37 - x**3 + 4*x**2. Is k(15) composite?
False
Suppose 2*s = -2*s - 536. Let r = 8 - 65. Let p = r - s. Is p composite?
True
Let b be (-1535)/6*-3*4. Let v = b + 301. Is v a composite number?
False
Suppose -b + 3 = 2*m, -4*m + 5*m = -4*b + 12. Suppose -3*w = -m*w - 24. Suppose -c + 183 = -3*r + w*r, -2*r = -4*c + 644. Is c a composite number?
False
Let z(p) = 12*p**3 - 83*p**2 + 16*p + 3. Is z(10) a composite number?
False
Let q = -58 + 62. Let t(y) = 5*y**3 - 18*y**2 + 6*y - 3. Is t(q) a composite number?
False
Let j = -960133 - -1425222. Is j prime?
True
Is (-18 - -71)/((-3)/1129)*-3 a composite number?
True
Let m(f) = 3*f - 35. Let n be m(13). Suppose -2*x = o - 5497, n*x - 5*o - 4263 = 6738. Is x a composite number?
False
Let x = -78 - -101. Suppose -22 = -k - 4*z, 3*k + 3*z - x = -k. Suppose k*u - y - 4109 = 0, 8215 = 4*u - 0*u - y. Is u composite?
False
Let s = -245 + 247. Suppose -4001 = -3*p - 12*u + 7*u, -4 = s*u. Is p a composite number?
True
Suppose -g + 5*r + 26 = 14, 0 = -3*g + 2*r + 10. Suppose -2*l - g*h + 57274 = 0, -l - 2*h = -5*h - 28637. Is l a composite number?
True
Let q(h) = h**3 - 4*h**2 - h + 7. Let v be q(4). Suppose m = v*l - 542 - 297, 1399 = 5*l - m. Let i = -186 + l. Is i composite?
True
Suppose 309 - 117 = 8*b. Suppose 0 = -5*a + a + b. Suppose a*r - 2236 = 242. Is r composite?
True
Let q(h) be the third derivative of 29*h**5/30 + 11*h**4/12 + 25*h**3/2 + 10*h**2 - 5. Is q(-8) a composite number?
True
Let j = 459124 + -148871. Is j composite?
True
Is 104069 + 18*16/16 composite?
False
Suppose 0 = -2*t + 2*v + 12, -8*t + 12*t - 26 = 2*v. Let m be (-6 + t)/((-2)/(-1686)). Suppose -4*g + 2*f - 2186 = -5646, -m = -g - 5*f. Is g prime?
True
Let z be 40/((-91)/77 - 6/(-33)). Let x be 15008/z*(-5)/2. Suppose y + 7*c = 4*c + x, 2*y - c = 1911. Is y composite?
False
Suppose -5*b + 1153 = -2*i, 2*b + 844*i = 846*i + 454. Is b a composite number?
False
Let o(g) = 173*g + 51. Let x be o(29). Suppose 2*f = -2*m + x, 4*m + 7 = 19. Is f composite?
False
Let w be (140/(-12) - (-2)/(-6))*-1. Let n(f) = 72*f - 4 + 8 + w + 7. Is n(10) composite?
False
Let g(z) = z**2 - 13*z - 78. Let v be g(18). Suppose v*n - 48909 = 25047. Is n composite?
False
Let y = 54455 - 30339. Suppose -4*d - 7*b + 2*b = -y, 0 = -4*b. Is d a prime number?
True
Let s(n) = -6